534*x + 102. Let l(g) = -3*f(g) - 5*r(g). Is l(-14) prime?
True
Let a be (20/(-15) + 0)/((-4)/9). Suppose 10*x + a*x = 10257. Is x prime?
False
Let z(v) = 1835*v + 1584. Is z(35) a composite number?
False
Let f(z) = -198*z - 73. Suppose 2*q + 46 = -0. Is f(q) a composite number?
False
Suppose -3*t + 4*u = -7, 2*t + 0*u - 18 = -4*u. Suppose 0 = 4*j - 16, t*n + j = -0*j + 4. Is (n - 1)/2*-3602 composite?
False
Suppose -1046*i + 954*i = -2335972. Is i prime?
True
Suppose 6*j - 3*j - 9 = 0. Suppose 0*l = -j*l + 5*g + 6732, 4486 = 2*l - 4*g. Is l a prime number?
False
Suppose 84*x = 83*x - 815. Is (x/(-25) + -4)/(1/5) prime?
False
Suppose -5*j = 9 - 19. Is (-3 + (-986 - 8))/((-1)/j) composite?
True
Is (-1 + 2)/((-31)/(-51214325)*25) a composite number?
False
Let g be 170/35 + -2 + (-1)/(-7). Suppose -g*q - 3*q = 0. Suppose -r - 5*r + 6258 = q. Is r composite?
True
Let h = -316831 - -521480. Is h a composite number?
True
Let g(p) = -p**3 + 5*p**2 - p + 3. Let v be g(5). Let j be (160/(-15))/(-4)*(-3)/v. Suppose -j*i + 4*w = 3*w - 156, 0 = -i + w + 39. Is i a prime number?
False
Let x(k) = 4*k + 6*k - 3*k - 5 + 0*k. Let i be x(1). Is 10*(-1)/i - -984 composite?
True
Let f be (-14)/4 + 53/106. Is 26/(-169) - (769950/26)/f a prime number?
True
Is (-5)/((-1)/(2*(-724495)/(-50))) a composite number?
False
Let c = -608 + 610. Suppose 0 = 2*h + 40 - 788. Suppose -2*o = c, 0*l + l + 5*o = h. Is l a composite number?
False
Let u = 5 + -14. Let z(a) be the third derivative of -a**6/40 - a**5/15 + 7*a**4/24 - a**3/6 + 3*a**2 + 31*a. Is z(u) a prime number?
False
Let d = 14604 + 30449. Is d composite?
False
Is 6 + (-1 + 68)/(4/(37100/5)) a prime number?
True
Let i(q) be the third derivative of q**6/120 + q**5/5 + q**4/4 - 5*q**3/3 - q**2. Let v = -6041 + 6032. Is i(v) composite?
False
Suppose -2*h = -4*o + 206090, 4*h - 51509 = -39*o + 38*o. Is o a composite number?
False
Let p = 248 - 251. Let v = 7 - -2. Is ((p/v)/1)/(2/(-7362)) a prime number?
False
Suppose 0 = 8*m - 4*m - 2*w + 12, -2*w + 4 = 0. Is (5433/m)/(75/(-50)) a composite number?
False
Let b be (-28)/8 + (-7)/(-14). Is (b + 0)/((900/8472)/(-25)) a prime number?
False
Let p be (-4)/((1/4)/((-4)/32)). Let a(y) be the third derivative of 2*y**6/5 + y**5/60 - y**4/12 + 5*y**3/6 + y**2. Is a(p) prime?
True
Suppose 0 = -15*w + 16*w. Suppose w = -n - 5*c - 23, 4*n + 5*c = 5*n + 13. Is ((-1082)/12)/(3/n) composite?
False
Let m(r) = 4*r + 3117. Let a be m(0). Let i = a + -4502. Is (i + 3)/((-4)/2) prime?
True
Let r = 6 - 3. Let b = 4265 + -4263. Is (r - b)/((-2760)/2764 - -1) a prime number?
True
Let l = 169463 - 46902. Is l prime?
True
Let g be 2*1786 - (-26 + 23). Suppose b = g - 1214. Is b composite?
True
Let p = -88711 - -157370. Is p a composite number?
False
Is (-1 + -105894)*50/(-250) a prime number?
True
Let b = -130 - -126. Is 11 - 10 - (b - 10490) prime?
False
Let m(a) = -a**3 - 3*a**2 - 12*a - 3. Let y(w) = -w**2 + 3*w + 20. Let o be y(7). Is m(o) a prime number?
False
Let s(k) = -k - 1 - k**3 - 5*k - k**3 - 3 + 3*k**2. Let m be s(-5). Let y = 892 - m. Is y prime?
True
Let k(x) = 15977*x**2 - 2*x + 54. Let v(r) = 3195*r**2 + 11. Let w(b) = -2*k(b) + 11*v(b). Is w(-2) a composite number?
True
Let f(z) = 3*z**2 + 15*z + 164. Let w be f(-9). Let d = w - -695. Is d a composite number?
False
Let x(i) = 1867*i - 11. Let g be x(1). Let s(c) = -12*c - 23. Let u be s(10). Let r = u + g. Is r a prime number?
False
Let i = 144 + -146. Is 5/(20/(-2558))*1*i composite?
False
Let z(j) = 18631*j - 7. Let a be z(2). Let f = 62918 - a. Is f prime?
False
Let f be (9511 - -2) + (-16 - -12). Suppose 5*v + 5*n = 15835, 7*v - 4*v + 5*n = f. Is v a prime number?
True
Suppose -7*a - 185973 = -31*a + 194499. Is a prime?
False
Suppose 200*h - 199*h + 1 = 0. Let z(g) = 1738*g**2 - g. Is z(h) composite?
True
Let j(r) = r**3 + 17*r**2 - 39*r - 31. Let u be j(-19). Is (8886/u)/((-4)/8*1) composite?
False
Let l = 12018 + -20051. Let y = -4044 - l. Is y a composite number?
False
Let n = -3897 + 14642. Suppose 3*x = -15, -5*q + 3*x = 7*x - n. Is q composite?
False
Suppose -31*m - 4*i - 28 = -33*m, -m = 2*i + 2. Let k(q) = 260*q + 175. Is k(m) prime?
False
Let s = 73892 - -48653. Is s a composite number?
True
Suppose -2*r = -5*z - 7*r + 100, -2*r = 8. Suppose w + 5*w = z. Suppose 0 = 5*d + k + 319 - 2644, -w*k - 952 = -2*d. Is d composite?
True
Suppose 1 + 2 = 5*c - 3*o, -4*o - 4 = 3*c. Suppose -4*b + 3*x + 15856 = c, -7926 = -2*b + x + x. Is b a composite number?
False
Suppose -70*l = -56*l. Suppose -2*u - 5*j + 2998 = -4*j, l = u - 3*j - 1485. Is u composite?
True
Let v(s) = -s**2 + 6*s + 18. Let k be v(8). Let a(h) = -85*h**k - 1 + 313*h**2 + 118*h**2 - h + 123*h**2. Is a(-1) a composite number?
True
Let w = 56611 - 28292. Is w prime?
True
Let l = 4 + -2. Let j = 4037 + -4034. Is (j - l)*785 + 0 + 2 prime?
True
Let k = 62630 - 33823. Is k a prime number?
True
Suppose 0 = 23*l + 50 + 65. Let o(a) = 588*a**2 - 51*a - 1. Is o(l) prime?
False
Let j = 165316 + -111963. Is j a prime number?
True
Suppose -2*q = 2*n - 130388, -57*n = -2*q - 55*n + 130400. Is q prime?
False
Let l(o) = o**3 - 33*o**2 + 33*o + 6. Let v(b) = 2*b**3 - 66*b**2 + 63*b + 11. Let n(p) = -5*l(p) + 2*v(p). Is n(27) prime?
True
Let i(f) = -15*f**3 - 26*f**2 + 92*f + 21. Is i(-22) prime?
True
Let t be (1 + -1 + 1)/(21/1155). Let j = -56 + t. Is (2922/9)/(j/((-3)/2)) a composite number?
False
Suppose 10*d - 15*d = 2*r - 90277, 0 = -3*d - 4*r + 54183. Is d prime?
False
Suppose 5*w + 57*l - 1899164 = 54*l, 0 = 5*w - 3*l - 1899206. Is w composite?
False
Suppose -605334 = -23*o + 3131456 + 2023905. Is o composite?
True
Let k = 355 + -343. Suppose -8*i = k*i - 18460. Is i a composite number?
True
Suppose -h + 15544 = 5*v - 6*v, 4*v + 4*h + 62176 = 0. Let o = -9155 - v. Is o prime?
True
Let v = 245 + -238. Suppose -v*c = 4*c - 10109. Is c a prime number?
True
Suppose 571 = 37*w - 798. Suppose w*j = 766747 + 142602. Is j a composite number?
True
Suppose 16*q - 6*q = 16210. Let s = -822 + q. Is s a prime number?
False
Let z(o) = o**3 + 4*o**2 + 2. Let j be z(-4). Suppose q + j*v + 6569 = 6*q, -3*q - 3*v = -3933. Is q composite?
True
Let g = -10592 + 6081. Let i = 3950 - g. Is i a composite number?
False
Suppose 6*u - 1163 = 1039. Suppose u = -4*z + 6*z + 5*d, 2*d + 579 = 3*z. Is z a composite number?
False
Let x = 168802 + -119553. Is x prime?
False
Suppose -1 = 24*l - 97. Suppose -r + 6533 = 3*u, -2*r + 17065 - 4039 = -l*u. Is r a prime number?
True
Let m(g) = -175*g**3 - 110*g**3 + 2945*g - 3*g**2 - 2939*g. Let l be m(2). Is 12/21 + l/(-28) composite?
True
Let s(i) = i**3 - 10*i**2 + 22*i - 41. Let g be s(8). Suppose g*t = 4473 + 5054. Is t a composite number?
False
Let o be (3/(-2))/(45/(-4804500)). Is (34/(-10) + 2)/((-10)/o) a prime number?
False
Suppose -5*r + 23*r = 37062. Suppose -2*b + r + 211 = 0. Is b prime?
False
Let t(i) = -417*i + 25. Suppose -6 - 10 = 4*c + 5*b, 0 = 3*c + 4*b + 12. Is t(c) composite?
False
Let a be (-2)/(6*1) + 70190/6. Suppose -a = 12*b - 14*b. Is b a prime number?
True
Let u be (11465 - (0 - -2)) + (-31 - -33). Let w = u - -2180. Is w composite?
True
Let m(k) = 15*k**2 - 71*k + 181. Is m(-27) a composite number?
False
Let m be (-3)/7 + (-5519033)/(-119). Suppose 0 = 3*a - 6 - 9, m = 4*k - 2*a. Is k prime?
True
Is 74 + -74 + 184003/1*3 a composite number?
True
Let g = 23827 + -10469. Suppose 45*v - 43*v - g = 0. Is v a composite number?
False
Let q = -411 - -440. Suppose -2*z - v = -3278, 0 = 5*v - q + 9. Is z composite?
False
Let z(i) = -i**2 + 9*i + 2. Let f be z(8). Let a = -4 + f. Suppose 5*k + 3*g = 354, g + a = 3*g. Is k prime?
False
Suppose 0 = -5*d - 3*q - 66146, -d + 3296 = -3*q + 16518. Let o = 23142 + d. Is o a composite number?
True
Suppose 56*m = 55*m + 46513. Is m a prime number?
False
Suppose 96*y - 92*y = -3*c + 26456, -3*y + 2*c = -19842. Is y prime?
False
Let f(r) = r**3 - 3*r**2 + r - 5. Let z be f(4). Suppose -4*k - z = 1. Let a(p) = -85*p - 1. Is a(k) a prime number?
False
Suppose 2*f = 4*c - 17458, -5*c + 19981 = 5*f - 1864. Suppose 9*b - 126953 = c. Is b a composite number?
False
Let w(y) = 705*y - 9 + 1170*y - 76 + 127*y - 445*y. Is w(6) composite?
False
Let v = 279135 - 166456. Is v a prime number?
False
Suppose